{"id":15857,"date":"2024-01-18T10:16:36","date_gmt":"2024-01-18T09:16:36","guid":{"rendered":"https:\/\/www.les-black-panthers.org\/FootUS\/?page_id=15857"},"modified":"2024-01-30T19:54:47","modified_gmt":"2024-01-30T18:54:47","slug":"e-sport","status":"publish","type":"page","link":"https:\/\/www.les-black-panthers.org\/FootUS\/e-sport\/","title":{"rendered":"E-Sport"},"content":{"rendered":"<div class=\"wpb-content-wrapper\"><p>[vc_row full_width=\u00a0\u00bbstretch_row_content\u00a0\u00bb content_placement=\u00a0\u00bbbottom\u00a0\u00bb css=\u00a0\u00bb.vc_custom_1706014804474{margin-top: -100px !important;background-image: url(https:\/\/www.les-black-panthers.org\/FootUS\/wp-content\/uploads\/2024\/01\/ESport-fond-2.jpg?id=16269) !important;background-position: top center !important;background-repeat: no-repeat !important;background-size: cover !important;}\u00a0\u00bb][vc_column el_class=\u00a0\u00bbpx_height\u00a0\u00bb][vc_empty_space height=\u00a0\u00bb100px\u00a0\u00bb alter_height=\u00a0\u00bbnone\u00a0\u00bb hide_on_desktop=\u00a0\u00bb\u00a0\u00bb hide_on_notebook=\u00a0\u00bb\u00a0\u00bb hide_on_tablet=\u00a0\u00bb\u00a0\u00bb hide_on_mobile=\u00a0\u00bb\u00a0\u00bb][vc_row_inner][vc_column_inner width=\u00a0\u00bb1\/6&Prime;][\/vc_column_inner][vc_column_inner width=\u00a0\u00bb2\/3&Prime;][vc_single_image image=\u00a0\u00bb16270&Prime; img_size=\u00a0\u00bblarge\u00a0\u00bb alignment=\u00a0\u00bbcenter\u00a0\u00bb][\/vc_column_inner][vc_column_inner width=\u00a0\u00bb1\/6&Prime;][\/vc_column_inner][\/vc_row_inner][vc_empty_space height=\u00a0\u00bb100px\u00a0\u00bb alter_height=\u00a0\u00bbnone\u00a0\u00bb hide_on_desktop=\u00a0\u00bb\u00a0\u00bb hide_on_notebook=\u00a0\u00bb\u00a0\u00bb hide_on_tablet=\u00a0\u00bb\u00a0\u00bb hide_on_mobile=\u00a0\u00bb\u00a0\u00bb][vc_row_inner][vc_column_inner width=\u00a0\u00bb1\/6&Prime;][\/vc_column_inner][vc_column_inner width=\u00a0\u00bb2\/3&Prime;][vc_column_text css_animation=\u00a0\u00bbfadeInDown\u00a0\u00bb]<\/p>\n<h4 style=\"text-align: center;\"><span style=\"color: #999999;\"><em>Faire des Black Panthers un acteur incontournable du e-sport dans le Chablais au travers des valeurs historiques du club<\/em><\/span><\/h4>\n<p><strong style=\"color: #ffffff; text-align: center; font-style: italic;\"><br \/>\nCette section, <span style=\"color: #007fc0;\">by Nicomatic<\/span>, faisant partie int\u00e9grante du club, elle relaie bien \u00e9videmment ses valeurs et conserve une relation privil\u00e9gi\u00e9e avec ses adh\u00e9rents. C&rsquo;est donc tout naturellement qu&rsquo;une nouvelle licence est propos\u00e9e, enti\u00e8rement d\u00e9di\u00e9e \u00e0 l&rsquo;e-sport. Elle reprend le m\u00eame principe que la license classique avec l&rsquo;acc\u00e8s aux entra\u00eenements et ses \u00e9quipements, dans la training <span style=\"color: #007fc0;\">lzibox<\/span> et la possibilit\u00e9, \u00e0 terme, d&rsquo;\u00eatre inscrit \u00e0 diff\u00e9rents tournois selon le niveau du joueur.<br \/>\n<\/strong>[\/vc_column_text][\/vc_column_inner][vc_column_inner width=\u00a0\u00bb1\/6&Prime;][\/vc_column_inner][\/vc_row_inner][vc_empty_space height=\u00a0\u00bb46px\u00a0\u00bb alter_height=\u00a0\u00bbnone\u00a0\u00bb hide_on_desktop=\u00a0\u00bb\u00a0\u00bb hide_on_notebook=\u00a0\u00bb\u00a0\u00bb hide_on_tablet=\u00a0\u00bb\u00a0\u00bb hide_on_mobile=\u00a0\u00bb\u00a0\u00bb][vc_row_inner content_placement=\u00a0\u00bbtop\u00a0\u00bb][vc_column_inner width=\u00a0\u00bb1\/4&Prime; css=\u00a0\u00bb.vc_custom_1706026339468{margin-top: 32px !important;}\u00a0\u00bb][vc_single_image image=\u00a0\u00bb15874&Prime; img_size=\u00a0\u00bbfull\u00a0\u00bb alignment=\u00a0\u00bbcenter\u00a0\u00bb][vc_column_text]<\/p>\n<h6 style=\"text-align: center; text-transform: uppercase;\"><span style=\"color: #999999;\"><em><br \/>\nNouvelle \u00e9tape<br \/>\ndu d\u00e9veloppement du club<\/em><\/span><\/h6>\n<p>[\/vc_column_text][vc_empty_space height=\u00a0\u00bb20px\u00a0\u00bb alter_height=\u00a0\u00bbnone\u00a0\u00bb hide_on_desktop=\u00a0\u00bb\u00a0\u00bb hide_on_notebook=\u00a0\u00bb\u00a0\u00bb hide_on_tablet=\u00a0\u00bb\u00a0\u00bb hide_on_mobile=\u00a0\u00bb\u00a0\u00bb][vc_column_text css_animation=\u00a0\u00bbfadeInUp\u00a0\u00bb]<\/p>\n<ul>\n<li class=\"list-blue-arrow\">Augmentation de la notori\u00e9t\u00e9 du club<\/li>\n<li class=\"list-blue-arrow\">Favoriser l&rsquo;acc\u00e8s \u00e0 un large public<\/li>\n<li class=\"list-blue-arrow\">Collaboration entre diff\u00e9rentes structures et entreprises<\/li>\n<li class=\"list-blue-arrow\">Exposition m\u00e9diatique accrue<\/li>\n<\/ul>\n<p>[\/vc_column_text][\/vc_column_inner][vc_column_inner width=\u00a0\u00bb1\/4&Prime; css=\u00a0\u00bb.vc_custom_1706026346310{margin-top: 32px !important;}\u00a0\u00bb][vc_single_image image=\u00a0\u00bb15895&Prime; img_size=\u00a0\u00bbfull\u00a0\u00bb alignment=\u00a0\u00bbcenter\u00a0\u00bb][vc_column_text]<\/p>\n<h6 style=\"text-align: center; text-transform: uppercase;\"><span style=\"color: #999999;\"><em><br \/>\nPromotion<br \/>\ndu e-sport<\/em><\/span><\/h6>\n<p>[\/vc_column_text][vc_empty_space height=\u00a0\u00bb20&Prime; alter_height=\u00a0\u00bbnone\u00a0\u00bb hide_on_desktop=\u00a0\u00bb\u00a0\u00bb hide_on_notebook=\u00a0\u00bb\u00a0\u00bb hide_on_tablet=\u00a0\u00bb\u00a0\u00bb hide_on_mobile=\u00a0\u00bb\u00a0\u00bb][vc_column_text css_animation=\u00a0\u00bbfadeInUp\u00a0\u00bb]<\/p>\n<ul>\n<li class=\"list-green-arrow\">D\u00e9velopper la pratique du e-sport<\/li>\n<li class=\"list-green-arrow\">Exploiter les synergies entre e-sport et Football am\u00e9ricain<\/li>\n<li class=\"list-green-arrow\">D\u00e9velopper l&rsquo;esprit d&rsquo;\u00e9quipe, la capacit\u00e9 d&rsquo;adaptation et le leadership<\/li>\n<\/ul>\n<p>[\/vc_column_text][\/vc_column_inner][vc_column_inner width=\u00a0\u00bb1\/4&Prime; css=\u00a0\u00bb.vc_custom_1706026352886{margin-top: 32px !important;}\u00a0\u00bb][vc_single_image image=\u00a0\u00bb15896&Prime; img_size=\u00a0\u00bbfull\u00a0\u00bb alignment=\u00a0\u00bbcenter\u00a0\u00bb][vc_column_text]<\/p>\n<h6 style=\"text-align: center; text-transform: uppercase;\"><span style=\"color: #999999;\"><em><br \/>\nCr\u00e9ation d&rsquo;un parcours<br \/>\nde formation<\/em><\/span><\/h6>\n<p>[\/vc_column_text][vc_empty_space height=\u00a0\u00bb20&Prime; alter_height=\u00a0\u00bbnone\u00a0\u00bb hide_on_desktop=\u00a0\u00bb\u00a0\u00bb hide_on_notebook=\u00a0\u00bb\u00a0\u00bb hide_on_tablet=\u00a0\u00bb\u00a0\u00bb hide_on_mobile=\u00a0\u00bb\u00a0\u00bb][vc_column_text css_animation=\u00a0\u00bbfadeInUp\u00a0\u00bb]<\/p>\n<ul>\n<li class=\"list-yellow-arrow\">Collaboration avec la mission locale du Chablais<\/li>\n<li class=\"list-yellow-arrow\">Mise en place de parcours de formations adapt\u00e9s \u00e0 l&rsquo;e-sport en pr\u00e9 et post-bac<\/li>\n<li class=\"list-yellow-arrow\">B\u00e9n\u00e9ficier de l&rsquo;expertise d&rsquo;organismes et de formations<\/li>\n<li class=\"list-yellow-arrow\">Mise en place en milieu scolaire en partenariat avec <strong>lziDream &amp; lziSchool<\/strong><\/li>\n<\/ul>\n<p>[\/vc_column_text][\/vc_column_inner][vc_column_inner width=\u00a0\u00bb1\/4&Prime; css=\u00a0\u00bb.vc_custom_1706026358612{margin-top: 32px !important;}\u00a0\u00bb][vc_single_image image=\u00a0\u00bb15897&Prime; img_size=\u00a0\u00bbfull\u00a0\u00bb alignment=\u00a0\u00bbcenter\u00a0\u00bb][vc_column_text]<\/p>\n<h6 style=\"text-align: center; text-transform: uppercase;\"><span style=\"color: #999999;\"><em><br \/>\nPratique e-sportive<br \/>\nresponsable et valoris\u00e9e<\/em><\/span><\/h6>\n<p>[\/vc_column_text][vc_empty_space height=\u00a0\u00bb20&Prime; alter_height=\u00a0\u00bbnone\u00a0\u00bb hide_on_desktop=\u00a0\u00bb\u00a0\u00bb hide_on_notebook=\u00a0\u00bb\u00a0\u00bb hide_on_tablet=\u00a0\u00bb\u00a0\u00bb hide_on_mobile=\u00a0\u00bb\u00a0\u00bb][vc_column_text css_animation=\u00a0\u00bbfadeInUp\u00a0\u00bb]<\/p>\n<ul>\n<li class=\"list-orange-arrow\">D\u00e9mocratiser et positiver la pratique de l&rsquo;e-sport<\/li>\n<li class=\"list-orange-arrow\">Promouvoir une pratique \u00e9thique, int\u00e8gre et inclusive<\/li>\n<li class=\"list-orange-arrow\">Sensibiliser aux enjeux sanitaires et sociaux<\/li>\n<li class=\"list-orange-arrow\">Accompagner les actions en milieu scolaire et extra-scolaire<\/li>\n<\/ul>\n<p>[\/vc_column_text][\/vc_column_inner][\/vc_row_inner][vc_empty_space height=\u00a0\u00bb100px\u00a0\u00bb alter_height=\u00a0\u00bbnone\u00a0\u00bb hide_on_desktop=\u00a0\u00bb\u00a0\u00bb hide_on_notebook=\u00a0\u00bb\u00a0\u00bb hide_on_tablet=\u00a0\u00bb\u00a0\u00bb hide_on_mobile=\u00a0\u00bb\u00a0\u00bb][vc_row_inner][vc_column_inner][vc_single_image image=\u00a0\u00bb15873&Prime; img_size=\u00a0\u00bbfull\u00a0\u00bb alignment=\u00a0\u00bbcenter\u00a0\u00bb][\/vc_column_inner][\/vc_row_inner][vc_empty_space height=\u00a0\u00bb50px\u00a0\u00bb alter_height=\u00a0\u00bbnone\u00a0\u00bb hide_on_desktop=\u00a0\u00bb\u00a0\u00bb hide_on_notebook=\u00a0\u00bb\u00a0\u00bb hide_on_tablet=\u00a0\u00bb\u00a0\u00bb hide_on_mobile=\u00a0\u00bb\u00a0\u00bb][vc_video link=\u00a0\u00bbhttps:\/\/youtu.be\/q0cN23Y5ikk\u00a0\u00bb align=\u00a0\u00bbcenter\u00a0\u00bb][vc_empty_space height=\u00a0\u00bb50px\u00a0\u00bb alter_height=\u00a0\u00bbnone\u00a0\u00bb hide_on_desktop=\u00a0\u00bb\u00a0\u00bb hide_on_notebook=\u00a0\u00bb\u00a0\u00bb hide_on_tablet=\u00a0\u00bb\u00a0\u00bb hide_on_mobile=\u00a0\u00bb\u00a0\u00bb][\/vc_column][\/vc_row][vc_row][vc_column][\/vc_column][\/vc_row]<\/p>\n<\/div>","protected":false},"excerpt":{"rendered":"<p>[vc_row full_width=\u00a0\u00bbstretch_row_content\u00a0\u00bb content_placement=\u00a0\u00bbbottom\u00a0\u00bb css=\u00a0\u00bb.vc_custom_1706014804474{margin-top: -100px !important;background-image: url(https:\/\/www.les-black-panthers.org\/FootUS\/wp-content\/uploads\/2024\/01\/ESport-fond-2.jpg?id=16269) !important;background-position: top center !important;background-repeat: no-repeat !important;background-size: cover !important;}\u00a0\u00bb][vc_column el_class=\u00a0\u00bbpx_height\u00a0\u00bb][vc_empty_space height=\u00a0\u00bb100px\u00a0\u00bb alter_height=\u00a0\u00bbnone\u00a0\u00bb hide_on_desktop=\u00a0\u00bb\u00a0\u00bb hide_on_notebook=\u00a0\u00bb\u00a0\u00bb hide_on_tablet=\u00a0\u00bb\u00a0\u00bb hide_on_mobile=\u00a0\u00bb\u00a0\u00bb][vc_row_inner][vc_column_inner width=\u00a0\u00bb1\/6&Prime;][\/vc_column_inner][vc_column_inner width=\u00a0\u00bb2\/3&Prime;][vc_single_image image=\u00a0\u00bb16270&Prime; img_size=\u00a0\u00bblarge\u00a0\u00bb alignment=\u00a0\u00bbcenter\u00a0\u00bb][\/vc_column_inner][vc_column_inner width=\u00a0\u00bb1\/6&Prime;][\/vc_column_inner][\/vc_row_inner][vc_empty_space height=\u00a0\u00bb100px\u00a0\u00bb alter_height=\u00a0\u00bbnone\u00a0\u00bb hide_on_desktop=\u00a0\u00bb\u00a0\u00bb hide_on_notebook=\u00a0\u00bb\u00a0\u00bb hide_on_tablet=\u00a0\u00bb\u00a0\u00bb hide_on_mobile=\u00a0\u00bb\u00a0\u00bb][vc_row_inner][vc_column_inner width=\u00a0\u00bb1\/6&Prime;][\/vc_column_inner][vc_column_inner width=\u00a0\u00bb2\/3&Prime;][vc_column_text css_animation=\u00a0\u00bbfadeInDown\u00a0\u00bb] Faire des Black Panthers un acteur incontournable du e-sport dans le Chablais au travers des valeurs historiques du club Cette section, by Nicomatic,&hellip;<\/p>\n","protected":false},"author":17,"featured_media":0,"parent":0,"menu_order":0,"comment_status":"closed","ping_status":"closed","template":"","meta":{"footnotes":""},"_links":{"self":[{"href":"https:\/\/www.les-black-panthers.org\/FootUS\/wp-json\/wp\/v2\/pages\/15857"}],"collection":[{"href":"https:\/\/www.les-black-panthers.org\/FootUS\/wp-json\/wp\/v2\/pages"}],"about":[{"href":"https:\/\/www.les-black-panthers.org\/FootUS\/wp-json\/wp\/v2\/types\/page"}],"author":[{"embeddable":true,"href":"https:\/\/www.les-black-panthers.org\/FootUS\/wp-json\/wp\/v2\/users\/17"}],"replies":[{"embeddable":true,"href":"https:\/\/www.les-black-panthers.org\/FootUS\/wp-json\/wp\/v2\/comments?post=15857"}],"version-history":[{"count":37,"href":"https:\/\/www.les-black-panthers.org\/FootUS\/wp-json\/wp\/v2\/pages\/15857\/revisions"}],"predecessor-version":[{"id":16591,"href":"https:\/\/www.les-black-panthers.org\/FootUS\/wp-json\/wp\/v2\/pages\/15857\/revisions\/16591"}],"wp:attachment":[{"href":"https:\/\/www.les-black-panthers.org\/FootUS\/wp-json\/wp\/v2\/media?parent=15857"}],"curies":[{"name":"wp","href":"https:\/\/api.w.org\/{rel}","templated":true}]}}